 divided by 48.
15
Calculate the remainder when 68 is divided by 6.
2
Calculate the remainder when 130 is divided by 45.
40
What is the remainder when 644 is divided by 34?
32
What is the remainder when 9312 is divided by 30?
12
Calculate the remainder when 152 is divided by 58.
36
Calculate the remainder when 3458 is divided by 40.
18
What is the remainder when 625 is divided by 92?
73
What is the remainder when 449 is divided by 75?
74
What is the remainder when 1324 is divided by 273?
232
What is the remainder when 137 is divided by 14?
11
Calculate the remainder when 404 is divided by 95.
24
What is the remainder when 878 is divided by 21?
17
Calculate the remainder when 543 is divided by 144.
111
Calculate the remainder when 47 is divided by 2.
1
What is the remainder when 2183 is divided by 1086?
11
What is the remainder when 873 is divided by 125?
123
What is the remainder when 2036 is divided by 509?
0
Calculate the remainder when 481 is divided by 122.
115
What is the remainder when 518 is divided by 40?
38
What is the remainder when 487 is divided by 16?
7
What is the remainder when 2786 is divided by 17?
15
Calculate the remainder when 117 is divided by 36.
9
Calculate the remainder when 209 is divided by 70.
69
Calculate the remainder when 433 is divided by 219.
214
What is the remainder when 838 is divided by 37?
24
Calculate the remainder when 2318 is divided by 15.
8
What is the remainder when 3972 is divided by 992?
4
Calculate the remainder when 1665 is divided by 127.
14
Calculate the remainder when 81 is divided by 16.
1
Calculate the remainder when 224 is divided by 16.
0
Calculate the remainder when 95 is divided by 46.
3
Calculate the remainder when 3546 is divided by 13.
10
Calculate the remainder when 1944 is divided by 25.
19
What is the remainder when 236 is divided by 79?
78
What is the remainder when 2318 is divided by 9?
5
Calculate the remainder when 299 is divided by 6.
5
What is the remainder when 45 is divided by 41?
4
Calculate the remainder when 17025 is divided by 19.
1
What is the remainder when 45 is divided by 26?
19
Calculate the remainder when 1037 is divided by 65.
62
What is the remainder when 26 is divided by 17?
9
What is the remainder when 265 is divided by 89?
87
Calculate the remainder when 460 is divided by 21.
19
Calculate the remainder when 1465 is divided by 21.
16
What is the remainder when 1627 is divided by 37?
36
Calculate the remainder when 8314 is divided by 208.
202
Calculate the remainder when 503 is divided by 83.
5
What is the remainder when 120 is divided by 54?
12
What is the remainder when 359 is divided by 92?
83
What is the remainder when 5620 is divided by 268?
260
What is the remainder when 5740 is divided by 198?
196
What is the remainder when 1819 is divided by 16?
11
What is the remainder when 2629 is divided by 220?
209
What is the remainder when 815 is divided by 43?
41
Calculate the remainder when 360 is divided by 115.
15
What is the remainder when 121 is divided by 16?
9
What is the remainder when 5205 is divided by 42?
39
Calculate the remainder when 2524 is divided by 2524.
0
What is the remainder when 8789 is divided by 2925?
14
Calculate the remainder when 6526 is divided by 6.
4
What is the remainder when 516 is divided by 13?
9
Calculate the remainder when 1680 is divided by 840.
0
Calculate the remainder when 209 is divided by 65.
14
Calculate the remainder when 85 is divided by 8.
5
What is the remainder when 324 is divided by 79?
8
Calculate the remainder when 1576 is divided by 64.
40
What is the remainder when 1686 is divided by 7?
6
Calculate the remainder when 1631 is divided by 43.
40
What is the remainder when 969 is divided by 139?
135
What is the remainder when 112 is divided by 57?
55
Calculate the remainder when 4619 is divided by 110.
109
What is the remainder when 125 is divided by 18?
17
What is the remainder when 4084 is divided by 28?
24
Calculate the remainder when 149 is divided by 99.
50
What is the remainder when 231 is divided by 58?
57
What is the remainder when 427 is divided by 43?
40
What is the remainder when 111 is divided by 44?
23
Calculate the remainder when 934 is divided by 104.
102
Calculate the remainder when 242 is divided by 94.
54
What is the remainder when 734 is divided by 356?
22
What is the remainder when 18 is divided by 7?
4
What is the remainder when 1461 is divided by 17?
16
Calculate the remainder when 332 is divided by 144.
44
What is the remainder when 504 is divided by 46?
44
What is the remainder when 287 is divided by 21?
14
Calculate the remainder when 145 is divided by 73.
72
What is the remainder when 170 is divided by 19?
18
What is the remainder when 3065 is divided by 14?
13
Calculate the remainder when 449 is divided by 91.
85
What is the remainder when 372 is divided by 194?
178
Calculate the remainder when 543 is divided by 79.
69
What is the remainder when 2428 is divided by 244?
232
Calculate the remainder when 183 is divided by 59.
6
Calculate the remainder when 178 is divided by 27.
16
Calculate the remainder when 91 is divided by 41.
9
What is the remainder when 2910 is divided by 572?
50
What is the remainder when 1107 is divided by 111?
108
What is the remainder when 2053 is divided by 42?
37
What is the remainder when 4676 is divided by 26?
22
What is the remainder when 81 is divided by 28?
25
Calculate the remainder when 7444 is divided by 146.
144
What is the remainder when 453 is divided by 77?
68
Calculate the remainder when 2065 is divided by 53.
51
Calculate the remainder when 107 is divided by 57.
50
What is the remainder when 292 is divided by 101?
90
What is the remainder when 185 is divided by 12?
5
What is the remainder when 832 is divided by 190?
72
Calculate the remainder when 324 is divided by 39.
12
What is the remainder when 1330 is divided by 112?
98
What is the remainder when 72 is divided by 48?
24
Calculate the remainder when 323 is divided by 15.
8
What is the remainder when 315 is divided by 106?
103
What is the remainder when 207 is divided by 30?
27
What is the remainder when 2636 is divided by 29?
26
Calculate the remainder when 559 is divided by 123.
67
Calculate the remainder when 144 is divided by 91.
53
What is the remainder when 322 is divided by 49?
28
What is the remainder when 5338 is divided by 82?
8
Calculate the remainder when 130 is divided by 46.
38
What is the remainder when 946 is divided by 134?
8
Calculate the remainder when 421 is divided by 144.
133
Calculate the remainder when 390 is divided by 155.
80
Calculate the remainder when 3367 is divided by 282.
265
What is the remainder when 11206 is divided by 10?
6
What is the remainder when 1388 is divided by 201?
182
Calculate the remainder when 7698 is divided by 110.
108
Calculate the remainder when 9094 is divided by 182.
176
What is the remainder when 77 is divided by 10?
7
What is the remainder when 1048 is divided by 12?
4
Calculate the remainder when 33 is divided by 13.
7
Calculate the remainder when 463 is divided by 59.
50
What is the remainder when 151 is divided by 26?
21
What is the remainder when 138 is divided by 39?
21
Calculate the remainder when 650 is divided by 324.
2
Calculate the remainder when 11196 is divided by 80.
76
Calculate the remainder when 191 is divided by 11.
4
Calculate the remainder when 197 is divided by 29.
23
What is the remainder when 267 is divided by 61?
23
Calculate the remainder when 245 is divided by 91.
63
Calculate the remainder when 24 is divided by 19.
5
What is the remainder when 127 is divided by 44?
39
What is the remainder when 879 is divided by 74?
65
Calculate the remainder when 34 is divided by 7.
6
What is the remainder when 1026 is divided by 21?
18
What is the remainder when 26312 is divided by 179?
178
Calculate the remainder when 203 is divided by 12.
11
Calculate the remainder when 11272 is divided by 25.
22
Calculate the remainder when 176 is divided by 115.
61
Calculate the remainder when 914 is divided by 15.
14
What is the remainder when 34 is divided by 17?
0
What is the remainder when 448 is divided by 90?
88
Calculate the remainder when 1807 is divided by 45.
7
Calculate the remainder when 347 is divided by 27.
23
What is the rem